= -26228 + 40548. What are the prime factors of y?
2, 5, 179
Suppose 4*y - 100 = -7*j, -5*j + 2*y - 26 = -112. List the prime factors of -118*(0 - 88/j).
11, 59
List the prime factors of 26*(189/(-756) + -3*41/(-4)).
13, 61
Let n(i) = -i**3 - 16*i**2 - 42*i - 366. List the prime factors of n(-30).
2, 3, 13, 173
Let a be 2*6*(2 - -3). Suppose 5*k = -c - 12, -3*c + k - 63 = 21. Let z = a + c. List the prime factors of z.
3, 11
Let o(l) = -9*l - 35. Suppose 0 = -0*u - 8*u - 32. Let d be o(u). What are the prime factors of d*300 - (1 + 2)?
3, 11
Let w = -10 - -5. Let h(n) = -14 + 6961*n**2 - 13927*n**2 + 6968*n**2 + n. What are the prime factors of h(w)?
31
Suppose 659810 + 3677534 = 101*v. What are the prime factors of v?
2, 11, 61
List the prime factors of 10032/665*505 + ((-10)/(-14) - 1).
2, 13, 293
Let b = -32 - -37. Suppose -4*m + 32 = -3*r, b*r + m + 18 - 3 = 0. List the prime factors of ((-30)/r)/(10/20).
3, 5
Let q be (-2)/3 + 0 + (-754)/(-78). Let i(g) = g**3 + 15*g - 28. What are the prime factors of i(q)?
2, 11, 19
Let d(j) = -469*j**3 - 8*j**2 - 13*j - 46. List the prime factors of d(-3).
2, 11, 13
Suppose 4*r + 0 = 12. Suppose -976 = -4*k + 2*k + 5*t, -r*k - 5*t = -1439. List the prime factors of k.
3, 7, 23
Let q be -9 + 1 - (-36 - -24). What are the prime factors of (30/5 - q) + 894?
2, 7
Let u(d) = 6269*d + 25. What are the prime factors of u(4)?
3, 2789
Let k = 57552 - 38989. What are the prime factors of k?
19, 977
What are the prime factors of 1/(-19)*-2 + 269760/19?
2, 31, 229
Suppose -3*z + 5 = 3*u - z, -7 = -u + 2*z. Suppose u*y - 2*l - 2302 = 0, -y = -5*y + 2*l + 3066. What are the prime factors of y?
2, 191
Suppose -40 + 27 = -13*c. Suppose -6*r = -2*r + 428. List the prime factors of 7 - 7 - (r + c).
2, 53
Let v(d) = 4*d - 17. Let k be v(5). Suppose 2*o = 4*w + 2066, -k*o + 5*w = -5*o + 2030. List the prime factors of o.
5, 41
Suppose 43 = -s + 59. Let k = 9 - s. Let h(v) = -v**3 - 8*v**2 - 8*v + 7. List the prime factors of h(k).
2, 7
Let c be 66/(1 + 2)*95/10. Let q = 296 + c. What are the prime factors of q?
5, 101
Let j(i) = -3651*i**3 + 2*i**2 - i - 3. Let v be j(-1). Suppose -10*d + v = -279. What are the prime factors of d?
3, 131
Let w(n) = 17*n + 44. Let m be w(6). Let z = -36 + m. List the prime factors of z.
2, 5, 11
Let q be 1/4 + 619/4. Let o = q - -972. What are the prime factors of o?
7, 23
Let b(r) be the second derivative of -r**5/20 + 5*r**4/6 - 11*r**3/6 + 5*r**2 + 55*r. Let x(v) = v**2 - 1. Let h be x(-3). What are the prime factors of b(h)?
2, 5
Let q(w) = 2*w**2 - 3*w - 134. Let k be q(-10). Suppose 5*h - 3140 = -5*n, 5*h - n - k = 3056. List the prime factors of h.
2, 3, 5, 7
Suppose -10525 = -5*a + 5*c, -2*a - 4*c - c + 4217 = 0. Suppose 85*h = 94*h - a. What are the prime factors of h?
2, 3, 13
Let r be ((-4210)/15)/(6/(-18)). Suppose 4*t = r + 254. What are the prime factors of t?
2, 137
Suppose -3*t - 60213 = -4*n, 150*t - 148*t - 45147 = -3*n. List the prime factors of n.
3, 29, 173
Suppose -16*u + 12*u = -21*u + 380290. What are the prime factors of u?
2, 5, 2237
Suppose 82*b - 110 = 71*b. List the prime factors of 6458/b + 31/155.
2, 17, 19
Let v = 12 - 7. Suppose 19*b - 20*b + v = 0. Suppose 5*j + 66 = -b*w + 321, 5*w = 4*j + 300. List the prime factors of w.
2, 7
Let s = 148 + -118. Suppose -a = 5*a - s. Suppose -4*f = -a*z + 530 + 310, 0 = -4*f. What are the prime factors of z?
2, 3, 7
Suppose -276 = -10*f + 74. Let p = 28 - f. What are the prime factors of (-3)/(-6)*7/(p/(-66))?
3, 11
Let r be (-4)/16 + 2/8. Let h be (-1)/(-6) + 19/(-114). What are the prime factors of r + -1 + 556/4 + h?
2, 3, 23
Suppose 2*h = 3*k - 116554, -33089 - 83425 = -3*k - 3*h. What are the prime factors of k?
2, 19423
Suppose 2*b - 12 = 2*x, -3*x + 2*b - 2 = -2*x. Let a be ((-368)/(-6))/(x/(-45)). Suppose a = -4*g + 10*g. What are the prime factors of g?
2, 23
What are the prime factors of 85/(-10)*(1 + 150/(-2))?
17, 37
Let b be ((-4)/10)/(4/120). Let f be -90 + (b/66 - (-35)/11). Let p = 167 + f. List the prime factors of p.
2, 5
Suppose -3*m + 2*p = -5*m + 8, -6 = m + 3*p. Let l be (-13215)/(-9) - (-1 + 3/m). Suppose -6*v - 365 = -l. What are the prime factors of v?
2, 23
Let n(s) = -s**2 - 90*s + 1904. List the prime factors of n(-98).
2, 5, 7
Let y be 2 + 2 + 539 + (-2 - 2). Let w = 442 + y. List the prime factors of w.
3, 109
Suppose 2*n + 6 = -0*i - 3*i, 8 = -3*n - 4*i. Suppose c + 4*h - 7*h - 603 = n, 1184 = 2*c + 5*h. What are the prime factors of c?
3, 199
What are the prime factors of (-6)/(-15)*-5 - 0 - (-49605 + 1)?
2, 3, 7, 1181
Let f = -105 - -31. Let a = 114 + f. Suppose -66 - a = -b + 2*w, -400 = -4*b - 4*w. What are the prime factors of b?
2, 3, 17
Let p(z) = 4*z - 21. Let i be p(7). Suppose 2*w - 1614 = -5*u, i*w + 2*u = 4*w + 2421. What are the prime factors of w?
3, 269
Suppose -16*o = -5*o - 7*o - 211668. List the prime factors of o.
3, 31, 569
Let l(r) = -141*r. List the prime factors of l(-22).
2, 3, 11, 47
Let f(q) = -37*q - 5. Let c be f(1). Let k = c + 42. Suppose u = -k*u + 3*j + 142, 0 = -3*u + 2*j + 419. List the prime factors of u.
139
Let o(x) = -106*x + 7686. What are the prime factors of o(0)?
2, 3, 7, 61
Let c be (3*-1)/((-2 + -3)/(-5)). Let k be 4/4*(c + 82). Suppose 3*w = 9, -2*o - 3*w = -8*w - k. What are the prime factors of o?
47
Let j(q) = -623*q + 1684. What are the prime factors of j(-76)?
2, 3, 227
Let k(t) = -37*t + t**2 + 76*t - 46*t. What are the prime factors of k(-4)?
2, 11
Let s = -13574 - -13575. Suppose -1173 = -2*x - 329. Suppose s = 3*a - x. What are the prime factors of a?
3, 47
Let s = -645 + 458. Let u(o) = 3*o**2 - 65*o - 469. Let b be u(-9). Let r = b + s. List the prime factors of r.
2, 43
Suppose 0*q = -2*q + 2*o + 6, -o = -3*q + 1. Let s be q/((-6)/16) + 10/(-15). Suppose 6 = 2*k - 3*v, -v - s*v = 0. What are the prime factors of k?
3
Let g be 15/105*35 + 1*479. Suppose v = 4*k + 1095, 5*k + 6*v - 3*v + 1390 = 0. Let i = g + k. What are the prime factors of i?
11, 19
Suppose -20*j + 95828 = -88264 - 145948. List the prime factors of j.
2, 37, 223
Suppose 811*t - 7119616 = 587*t. What are the prime factors of t?
2, 29, 137
Let u = -91885 - -131009. What are the prime factors of u?
2, 9781
Suppose -2*y - w - 577 = -7*y, 0 = 4*w + 8. Suppose 4*j - 428 = -9*m + 13*m, -j + y = -3*m. List the prime factors of j.
103
Let n = 43 - 38. Suppose n*r + 151 - 479 = -2*j, 5*j = 3*r + 758. What are the prime factors of j?
2, 7, 11
Let j(n) = -988*n - 1913. What are the prime factors of j(-7)?
5003
Suppose 207189 = 4*j + s, 2*s - 721 = -703. List the prime factors of j.
3, 5, 1151
What are the prime factors of 62/(-372)*(-93609 - -3)?
15601
Suppose -194 = -3*a + 3*u - u, 0 = 2*a - 5*u - 122. Let r be (-344)/14 - a/154. Let b = 59 + r. List the prime factors of b.
2, 17
Let n = -178 - -191. Let z(c) = 24*c - 1. List the prime factors of z(n).
311
Suppose -12*m + 15*m - 15 = 0. Suppose 3*q - 648 = 5*d - 116, -872 = -m*q + d. What are the prime factors of q?
2, 3, 29
Let o(p) = 9*p**2 - 16*p + 12. Let f be o(7). Let i = -239 + f. Let r = 214 - i. What are the prime factors of r?
2, 7
Suppose 3*w + o - 8 = 2*o, 3*w + 3*o = 24. Let f = 66 - 33. Suppose -w*j - 2*v + 152 = 0, j - f = -0*v - 3*v. What are the prime factors of j?
3, 13
Suppose a - 21946 = -5*o, -2*a + 43880 = 43*o - 39*o. What are the prime factors of a?
2, 3, 457
Suppose 2*c = -l - 35, l = -4*l + 25. Let q be 13 + -17 - c/2. Suppose 157 = b + 2*n, q*b - 5*b - 157 = -n. What are the prime factors of b?
157
What are the prime factors of 6/13 - (-11291586)/2886?
7, 13, 43
Let z be (-21)/(-24) + (-1)/(-8). Suppose -3*h + 17 = 4*u, -z + 2 = u + 4*h. Suppose -u + 57 = d. What are the prime factors of d?
2, 13
Let m = 2726 - 1817. Let j = -508 + m. List the prime factors of j.
401
Suppose 553*m + 44 = 549*m. Let r(y) be the first derivative of y**4/4 + 4*y**3 + 5*y**2/2 - 13*y + 2. What are the prime factors of r(m)?
53
Let i be (0 - (2 - 3))*13. Suppose i*r - 5*r - 1656 = 0. Suppose r = 6*w - 933. List the prime factors of w.
2, 5, 19
Let y(p) be the first derivative of 13/2*p**2 + 14/3*p**3 + 27 - 1/4*p**4 - p. What are the prime factors of y(14)?
181
Let h be (4 - 48/15)*-365. Let o = -162 - h. What are the